e prime factors of (-1)/k*(-12)/3?
2
Suppose 0 = x - 31 + 8. Suppose -a - x = 2*h, 0*h - 4*a = 5*h + 59. What are the prime factors of (79/1)/(h + 12)?
79
Let w(n) = -14*n - 19. Let b be w(-2). Let u(z) = z**2 + 3*z + 60. List the prime factors of u(b).
2, 3, 7
Suppose 4373*n - 4431*n + 618918 = 0. What are the prime factors of n?
3, 3557
Suppose 8*o + 232 = -728. List the prime factors of (342/(-27))/(3 + 362/o).
2, 5, 19
Suppose -i - 30 = 5*u - 18, 5*u = -4*i - 3. Suppose 2*q = -4*h - 124, -q = -h - h + 54. List the prime factors of -1 + 5 - ((-1 - u) + q).
2, 3, 5
Let f(o) = -3*o**2 - 22*o - 13. Let m be f(11). Let d = m + 911. List the prime factors of d.
293
Let j(t) = t**3 - 7*t**2 - 4*t - 25. Let o be j(8). Suppose -o*b + 1435 = -3731. What are the prime factors of b?
2, 3, 41
Suppose -83087 = -16*k + 27265. List the prime factors of k.
3, 11, 19
Suppose 5*f = 7*f - 152. Let n = f + -28. Let d = n + -17. List the prime factors of d.
31
Let l(n) = 62*n**2 - 59*n + 584. What are the prime factors of l(10)?
2, 19, 163
Let m(i) = -i**3 - 11*i**2 - 21*i - 13. Let u be m(-9). Suppose -u*y + 8*y + 3186 = 0. List the prime factors of y.
3, 59
Let o = 53027 - 34075. Let v be o/40 + (-2 - (-11)/5). Suppose v + 247 = 7*z. What are the prime factors of z?
103
Let k = 59893 - 25443. List the prime factors of k.
2, 5, 13, 53
Let i(u) = -3*u**2 - 12*u + 2. Suppose 8*v = 4*v - 24. Let t be i(v). Let w = t - -65. What are the prime factors of w?
31
Let f = 16466 - 7277. List the prime factors of f.
3, 1021
Suppose 4*t + 0*t = 4120. Suppose 9*h = 4*h + t. What are the prime factors of h?
2, 103
Suppose -87 = t - 92. Suppose 1470 = t*c + 5*v, c + c - v = 576. What are the prime factors of c?
2, 5, 29
Let n = -30309 + 80971. What are the prime factors of n?
2, 73, 347
Let n(b) = 375*b - 97. Let l be n(13). Suppose -29 - l = -11*k. What are the prime factors of k?
19, 23
Suppose 4*u - 8*u = -20. Let f be (-16)/(-2) + u + -8. Suppose q - f*i = -0*i + 86, -5*q + 2*i = -476. What are the prime factors of q?
2, 3
Suppose i + 26*w - 6226 = 30*w, -6218 = -i + 2*w. List the prime factors of i.
2, 3, 5, 23
Suppose 0 = 2*w - 4*s - 18, -4*w = -w - 4*s - 17. What are the prime factors of w + (-12)/(-21) + 3706/7?
23
Suppose -m - 5*r = -0*m, 0 = -2*m + 5*r. Suppose 6*h + 0*h - 30 = m. Suppose h*y - 3*n = 66, -16 = 5*y - 7*y - 4*n. List the prime factors of y.
2, 3
Suppose 281 = -4*j + 101. Let r be 2/(-20)*-2 + (-2016)/j. Let c = 77 - r. List the prime factors of c.
2
Let d be (-1)/(-1*1/6). What are the prime factors of ((-9)/d)/(6/(-2872))?
2, 359
Let j(r) be the first derivative of -3*r - 24 + 1 + 13*r**2 + 15*r**2. What are the prime factors of j(2)?
109
Let q(z) = -21*z**3 + z**2 + 5*z + 22. Let s be q(-8). Suppose 29*d - 2832 = s. What are the prime factors of d?
2, 5, 47
Let k(g) = -8*g**2 + 315*g - 387. Let v be k(38). Let j(a) = -3*a**3 + 3*a**2 + a + 4. Let z be j(-3). Let i = v + z. What are the prime factors of i?
2, 5, 7
Let g = 9 + -67. Let l = 58 + g. Suppose -d = d + k - 231, -4*d - k + 467 = l. List the prime factors of d.
2, 59
Suppose -2*k = -16*k + 280. Suppose 18*p = k*p + 4*i - 670, 0 = 4*p - 5*i - 1301. What are the prime factors of p?
7, 47
Let j be (-66)/44*(-125 + 1). Suppose -j + 29 = -b. What are the prime factors of b?
157
Let s(z) = z**2 - 17*z + 19. Let d = -18 - -34. Let a be s(d). Suppose 2*p = -2*x - 6, x + a*p + 2*p = -23. List the prime factors of x.
2
Suppose -5*h + 3*w + 1250 = -920, -2*h = -w - 867. Suppose h + 289 = 2*m. Suppose 0 = 4*r + 72 - m. What are the prime factors of r?
2, 3
Suppose -2*i - 109 = -3*s, 2*i + 187 = 6*s - s. Suppose -32 = -l + 4*y, 0*l = l - y - 35. Suppose -309 = -s*o + l*o. What are the prime factors of o?
103
List the prime factors of (6 + -4 + 2)/((-548344)/54836 + 10).
13709
Let p = -369 + 379. List the prime factors of 822*p/105 - (-10)/(-35).
2, 3, 13
Suppose -5*u + 40 = 15. Let j(y) = -2*y**3 - 5*y**2 + 3*y + 8. Let o(m) = 3*m**3 + 6*m**2 - 3*m - 8. Let c(d) = 4*j(d) + 3*o(d). List the prime factors of c(u).
2, 7
Let g(s) = 10*s**2 - s. Let y be g(-1). Let i be 3*307 + -15 + y. Suppose -4*b - 249 + i = 0. What are the prime factors of b?
167
List the prime factors of (1865 - -664)/((-6)/(-4)*2/8).
2, 3, 281
Let o be (-1*12)/((-17)/561). Let x = o - -253. Suppose -8*w = -x - 935. List the prime factors of w.
2, 3, 11
Suppose -1355264 = -81*w - 395495. What are the prime factors of w?
17, 41
Suppose 0 = -5*h - 20, 0 = 3*c - 19*h + 21*h + 5. List the prime factors of ((-4)/(-8))/(c/334).
167
Let v(q) = -94*q + 7402. What are the prime factors of v(0)?
2, 3701
Let i(p) = p**2 - 9*p + 10. Let w be i(8). Suppose 0 = 21*h - 34*h + 3783. Suppose -h = -2*j - w*j - 3*g, -5*g = -2*j + 113. What are the prime factors of j?
3, 23
Suppose 0 = 113*g - 111*g - 7594. What are the prime factors of g?
3797
Let a(i) be the third derivative of -53*i**4/6 - 27*i**3 - 94*i**2 - 1. List the prime factors of a(-5).
2, 449
Let a(i) = -15*i**3 + 16 - 2*i + 16*i**3 + 12*i**2 - 2*i**2. What are the prime factors of a(-7)?
3, 59
Let k = 67 + -91. Let g = 29 + k. Suppose -g*r = 2*t - 273, 8*r = 5*r - 3*t + 171. What are the prime factors of r?
53
Let p = -58 - -155. Suppose 3*u - 3*a - p - 1526 = 0, -4*a - 541 = -u. List the prime factors of u.
541
Let w be (11 - 23)*(1 + (-82)/8). Let v = 271 - w. What are the prime factors of v?
2, 5
Let r(x) = x**3 + 8*x**2 + 17*x + 13. Let d be r(-12). Let h = d + 1109. List the prime factors of h.
2, 3, 19
Suppose -5*g + 4*p = -g, -4*p = 5*g - 45. Suppose g*n - 1144 = -3*a + 1903, 2*n = -3*a + 1217. What are the prime factors of n?
2, 5, 61
Let q be (-3)/27 - 614/(-18). Let h = q + -22. Let i(z) = z**3 - 10*z**2 - 16*z - 16. What are the prime factors of i(h)?
2, 5
Let b(w) = 3*w**2 + 2*w - 6. Let p be 4/((-8)/(-6))*1. Suppose -p*l = 5*v + 22, -2*l + 0*l - 2*v - 12 = 0. List the prime factors of b(l).
2, 17
Suppose 0 = 77*j - 87023 - 28246. What are the prime factors of j?
3, 499
Suppose -8 = -5*g + 7. Suppose f - 4*w - 87 = -2*w, 2*f - 160 = -g*w. Suppose -543 = -10*i - f. What are the prime factors of i?
2, 23
Let h = -4695 - -2931. Let q = -890 - h. List the prime factors of q.
2, 19, 23
Let g(t) = -8*t**3 - 3*t + 1. Let b be g(2). Let s = -1 + b. List the prime factors of 66/7*s/(-15).
2, 11
Let n(x) = 41*x**2 - 52*x - 362. What are the prime factors of n(-21)?
13, 1447
Suppose -18*s - 685 = 215. Let z = -5 - s. What are the prime factors of z?
3, 5
Let c(g) = g**3 - 8*g**2 + 4*g + 6. Suppose -6*r + 72 = -0*r. Let k be 7 + (1/3 - (-8)/r). List the prime factors of c(k).
2, 19
Suppose 0 = 4*x - p - 45280, 10*x + 4*p = 11*x - 11320. Suppose -x = 7*r - 15*r. What are the prime factors of r?
5, 283
Let o be 9/(-45) + (-11)/(-5) + 2. Let f(q) = 4*q**3 - 2*q**2 - 7*q - 7. List the prime factors of f(o).
3, 7
List the prime factors of (-5720)/(-208)*2512/10.
2, 11, 157
List the prime factors of ((-84)/(-112)*-4)/((-1)/19806).
2, 3, 3301
Let w(h) = h + 13. Let a be w(-10). Suppose u - 4 = -a. Let x(n) = 122*n - 2. What are the prime factors of x(u)?
2, 3, 5
Let r(b) = b**2 + 6*b - 45. Let o be r(-11). Let h(u) = u**3 - 8*u**2 + 44*u + 8. List the prime factors of h(o).
2, 3
Suppose -2*t - 6 = 0, 3*t + 46 = o - 285. Suppose 4*l - o - 302 = 0. Let v = -40 + l. List the prime factors of v.
2, 29
Let k(v) = 46*v + 2. Let u be k(1). Let b be (6/(-8))/((-4)/u). Let g(p) = -p**3 + 10*p**2 - 6*p - 7. List the prime factors of g(b).
2, 5
List the prime factors of 28968/(-476)*(-112 - (1 - 1)).
2, 3, 71
List the prime factors of (-2155 + 16194)/(1*(1 - 0)).
101, 139
Suppose 4*o + 4719 = 255. Let t = 465 - o. Suppose -t - 183 = -7*i. List the prime factors of i.
2, 3, 7
Suppose -5*k + 2*z + 164053 = 0, 26*z = 28*z + 8. What are the prime factors of k?
7, 43, 109
Let c(n) = -9*n**2 - 92*n - 15. Let k be c(-10). Suppose -k*u + 1352 = 797. List the prime factors of u.
3, 37
Suppose -2*y = o - 1553, 32*o = 2*y + 27*o - 1547. Suppose -2*b - 4 = 0, -4*v + 5*b = b - y. List the prime factors of v.
2, 3
Suppose 3*w + 0 + 8 = -5*j, 2*j = w - 12. Suppose -2*h + 3*x = -546, -w*x = 3*h - 6*h + 820. What are the prime factors of h?
2, 3, 23
Let z(p) be the third derivative of p**5/120 + 11*p**4/8 + 2*p**3/3 + 8*p*